{"id":236,"date":"2026-02-25T14:48:15","date_gmt":"2026-02-25T13:48:15","guid":{"rendered":"https:\/\/exepest.pl\/?page_id=236"},"modified":"2026-03-06T10:41:03","modified_gmt":"2026-03-06T09:41:03","slug":"exepest-profesjonalne-rozwiazania-do-monitorowania-i-kontroli-szkodnikow","status":"publish","type":"page","link":"https:\/\/exepest.pl\/","title":{"rendered":"EXEPEST \u2013 Profesjonalne rozwi\u0105zania do monitorowania i kontroli szkodnik\u00f3w"},"content":{"rendered":"\t\t<div data-elementor-type=\"wp-page\" data-elementor-id=\"236\" class=\"elementor elementor-236\">\n\t\t\t\t<div class=\"elementor-element elementor-element-e4aa032 e-flex e-con-boxed e-con e-parent\" data-id=\"e4aa032\" data-element_type=\"container\" data-e-type=\"container\" data-settings=\"{&quot;background_background&quot;:&quot;classic&quot;}\">\n\t\t\t\t\t<div class=\"e-con-inner\">\n\t\t<div class=\"elementor-element elementor-element-5b1b1e3 e-con-full e-flex e-con e-child\" data-id=\"5b1b1e3\" data-element_type=\"container\" data-e-type=\"container\">\n\t\t\t\t<div class=\"elementor-element elementor-element-5224e2c elementor-widget elementor-widget-heading\" data-id=\"5224e2c\" data-element_type=\"widget\" data-e-type=\"widget\" data-widget_type=\"heading.default\">\n\t\t\t\t\t<h2 class=\"elementor-heading-title elementor-size-default\">EXEPEST \u2013 Profesjonalne rozwi\u0105zania do monitorowania i kontroli szkodnik\u00f3w<\/h2>\t\t\t\t<\/div>\n\t\t<div class=\"elementor-element elementor-element-8bc7858 e-grid e-con-full e-con e-child\" data-id=\"8bc7858\" data-element_type=\"container\" data-e-type=\"container\">\n\t\t\t\t<div class=\"elementor-element elementor-element-0ba56f1 elementor-widget elementor-widget-image\" data-id=\"0ba56f1\" data-element_type=\"widget\" data-e-type=\"widget\" data-widget_type=\"image.default\">\n\t\t\t\t\t\t\t\t\t\t\t\t\t\t\t<img decoding=\"async\" width=\"210\" height=\"193\" src=\"https:\/\/exepest.pl\/wp-content\/uploads\/2018\/10\/cropped-exepest-logo-bia\u0142e.png\" class=\"attachment-large size-large wp-image-12\" alt=\"\" \/>\t\t\t\t\t\t\t\t\t\t\t\t\t\t\t<\/div>\n\t\t\t\t<div class=\"elementor-element elementor-element-019ee7c elementor-widget elementor-widget-text-editor\" data-id=\"019ee7c\" data-element_type=\"widget\" data-e-type=\"widget\" data-widget_type=\"text-editor.default\">\n\t\t\t\t\t\t\t\t\t<p data-start=\"270\" data-end=\"498\"><strong data-start=\"270\" data-end=\"281\">EXEPEST<\/strong> to linia sprawdzonych produkt\u00f3w przeznaczonych do monitorowania oraz kontroli gryzoni i owad\u00f3w biegaj\u0105cych. Tworzymy rozwi\u0105zania, kt\u00f3re \u0142\u0105cz\u0105 skuteczno\u015b\u0107 dzia\u0142ania z trwa\u0142o\u015bci\u0105 wykonania i bezpiecze\u0144stwem stosowania.<\/p><p data-start=\"500\" data-end=\"681\">Nasze produkty s\u0105 projektowane z my\u015bl\u0105 o profesjonalnym zastosowaniu w obiektach przemys\u0142owych, magazynach, zak\u0142adach produkcyjnych, lokalach us\u0142ugowych oraz budynkach mieszkalnych<\/p>\t\t\t\t\t\t\t\t<\/div>\n\t\t\t\t<\/div>\n\t\t\t\t<\/div>\n\t\t\t\t<div class=\"elementor-element elementor-element-521572d elementor-align-right e-transform elementor-widget elementor-widget-button\" data-id=\"521572d\" data-element_type=\"widget\" data-e-type=\"widget\" data-settings=\"{&quot;_transform_skewX_effect&quot;:{&quot;unit&quot;:&quot;px&quot;,&quot;size&quot;:&quot;&quot;,&quot;sizes&quot;:[]},&quot;_transform_skewX_effect_tablet&quot;:{&quot;unit&quot;:&quot;deg&quot;,&quot;size&quot;:&quot;&quot;,&quot;sizes&quot;:[]},&quot;_transform_skewX_effect_mobile&quot;:{&quot;unit&quot;:&quot;deg&quot;,&quot;size&quot;:&quot;&quot;,&quot;sizes&quot;:[]},&quot;_transform_skewY_effect&quot;:{&quot;unit&quot;:&quot;px&quot;,&quot;size&quot;:&quot;&quot;,&quot;sizes&quot;:[]},&quot;_transform_skewY_effect_tablet&quot;:{&quot;unit&quot;:&quot;deg&quot;,&quot;size&quot;:&quot;&quot;,&quot;sizes&quot;:[]},&quot;_transform_skewY_effect_mobile&quot;:{&quot;unit&quot;:&quot;deg&quot;,&quot;size&quot;:&quot;&quot;,&quot;sizes&quot;:[]}}\" data-widget_type=\"button.default\">\n\t\t\t\t\t\t\t\t\t\t<a class=\"elementor-button elementor-button-link elementor-size-sm elementor-animation-grow\" href=\"https:\/\/exepest.pl\/index.php\/produkty\/\">\n\t\t\t\t\t\t<span class=\"elementor-button-content-wrapper\">\n\t\t\t\t\t\t\t\t\t<span class=\"elementor-button-text\">zobacz nasze produkty <\/span>\n\t\t\t\t\t<\/span>\n\t\t\t\t\t<\/a>\n\t\t\t\t\t\t\t\t<\/div>\n\t\t\t\t\t<\/div>\n\t\t\t\t<\/div>\n\t\t<div class=\"elementor-element elementor-element-aba6469 e-flex e-con-boxed e-con e-parent\" data-id=\"aba6469\" data-element_type=\"container\" data-e-type=\"container\" data-settings=\"{&quot;background_background&quot;:&quot;classic&quot;}\">\n\t\t\t\t\t<div class=\"e-con-inner\">\n\t\t<div class=\"elementor-element elementor-element-d92d31c e-con-full e-flex e-con e-child\" data-id=\"d92d31c\" data-element_type=\"container\" data-e-type=\"container\">\n\t\t\t\t<div class=\"elementor-element elementor-element-e0d95c8 elementor-widget elementor-widget-heading\" data-id=\"e0d95c8\" data-element_type=\"widget\" data-e-type=\"widget\" data-widget_type=\"heading.default\">\n\t\t\t\t\t<h3 class=\"elementor-heading-title elementor-size-default\">Skuteczna kontrola gryzoni i owad\u00f3w<\/h3>\t\t\t\t<\/div>\n\t\t<div class=\"elementor-element elementor-element-fbb07be e-grid e-con-full e-con e-child\" data-id=\"fbb07be\" data-element_type=\"container\" data-e-type=\"container\">\n\t\t\t\t<div class=\"elementor-element elementor-element-61d351a elementor-widget elementor-widget-text-editor\" data-id=\"61d351a\" data-element_type=\"widget\" data-e-type=\"widget\" data-widget_type=\"text-editor.default\">\n\t\t\t\t\t\t\t\t\t<p data-start=\"728\" data-end=\"759\">W ofercie EXEPEST znajduj\u0105 si\u0119:<\/p><ul data-start=\"761\" data-end=\"1006\"><li data-section-id=\"1ydbgl5\" data-start=\"761\" data-end=\"800\"><p data-start=\"763\" data-end=\"800\">lepy na myszy z atraktantem w kleju<\/p><\/li><li data-section-id=\"1x5uff8\" data-start=\"801\" data-end=\"856\"><p data-start=\"803\" data-end=\"856\">wabiki zapachowe zwi\u0119kszaj\u0105ce skuteczno\u015b\u0107 chwytaczy<\/p><\/li><li data-section-id=\"kjqrbk\" data-start=\"857\" data-end=\"900\"><p data-start=\"859\" data-end=\"900\">detektory i monitory owad\u00f3w biegaj\u0105cych<\/p><\/li><li data-section-id=\"1jzrr1w\" data-start=\"901\" data-end=\"949\"><p data-start=\"903\" data-end=\"949\">metalowe os\u0142ony ochronne na chwytacze i lepy<\/p><\/li><li data-section-id=\"1nhovca\" data-start=\"950\" data-end=\"1006\"><p data-start=\"952\" data-end=\"1006\">akcesoria monta\u017cowe do stabilnego mocowania urz\u0105dze\u0144<\/p><\/li><\/ul><p data-start=\"1008\" data-end=\"1055\">Produkty EXEPEST wspieraj\u0105 dzia\u0142ania z zakresu:<\/p><ul data-start=\"1056\" data-end=\"1152\"><li data-section-id=\"ixjs7g\" data-start=\"1056\" data-end=\"1071\"><p data-start=\"1058\" data-end=\"1071\">deratyzacji<\/p><\/li><li data-section-id=\"tgylp5\" data-start=\"1072\" data-end=\"1087\"><p data-start=\"1074\" data-end=\"1087\">dezynsekcji<\/p><\/li><li data-section-id=\"z4315s\" data-start=\"1088\" data-end=\"1115\"><p data-start=\"1090\" data-end=\"1115\">monitoringu sanitarnego<\/p><\/li><li data-section-id=\"4s88hq\" data-start=\"1116\" data-end=\"1152\"><p data-start=\"1118\" data-end=\"1152\">system\u00f3w HACCP i audyt\u00f3w jako\u015bci<\/p><\/li><\/ul>\t\t\t\t\t\t\t\t<\/div>\n\t\t\t\t<div class=\"elementor-element elementor-element-6d95a29 elementor-widget elementor-widget-image\" data-id=\"6d95a29\" data-element_type=\"widget\" data-e-type=\"widget\" data-widget_type=\"image.default\">\n\t\t\t\t\t\t\t\t\t\t\t\t\t\t\t<img fetchpriority=\"high\" decoding=\"async\" width=\"1024\" height=\"683\" src=\"https:\/\/exepest.pl\/wp-content\/uploads\/2026\/02\/20260225_1452_Image-Generation_remix_01kjah31hef0hrzvnzmxv39411-1024x683.png\" class=\"attachment-large size-large wp-image-241\" alt=\"\" srcset=\"https:\/\/exepest.pl\/wp-content\/uploads\/2026\/02\/20260225_1452_Image-Generation_remix_01kjah31hef0hrzvnzmxv39411-1024x683.png 1024w, https:\/\/exepest.pl\/wp-content\/uploads\/2026\/02\/20260225_1452_Image-Generation_remix_01kjah31hef0hrzvnzmxv39411-300x200.png 300w, https:\/\/exepest.pl\/wp-content\/uploads\/2026\/02\/20260225_1452_Image-Generation_remix_01kjah31hef0hrzvnzmxv39411-768x512.png 768w, https:\/\/exepest.pl\/wp-content\/uploads\/2026\/02\/20260225_1452_Image-Generation_remix_01kjah31hef0hrzvnzmxv39411-370x247.png 370w, https:\/\/exepest.pl\/wp-content\/uploads\/2026\/02\/20260225_1452_Image-Generation_remix_01kjah31hef0hrzvnzmxv39411-1040x693.png 1040w, https:\/\/exepest.pl\/wp-content\/uploads\/2026\/02\/20260225_1452_Image-Generation_remix_01kjah31hef0hrzvnzmxv39411.png 1536w\" sizes=\"(max-width: 1024px) 100vw, 1024px\" \/>\t\t\t\t\t\t\t\t\t\t\t\t\t\t\t<\/div>\n\t\t\t\t<\/div>\n\t\t\t\t<\/div>\n\t\t\t\t\t<\/div>\n\t\t\t\t<\/div>\n\t\t<div class=\"elementor-element elementor-element-bb3d27b e-flex e-con-boxed e-con e-parent\" data-id=\"bb3d27b\" data-element_type=\"container\" data-e-type=\"container\" data-settings=\"{&quot;background_background&quot;:&quot;classic&quot;}\">\n\t\t\t\t\t<div class=\"e-con-inner\">\n\t\t<div class=\"elementor-element elementor-element-ca68722 e-con-full e-flex e-con e-child\" data-id=\"ca68722\" data-element_type=\"container\" data-e-type=\"container\">\n\t\t\t\t<div class=\"elementor-element elementor-element-d30f218 elementor-widget elementor-widget-heading\" data-id=\"d30f218\" data-element_type=\"widget\" data-e-type=\"widget\" data-widget_type=\"heading.default\">\n\t\t\t\t\t<h3 class=\"elementor-heading-title elementor-size-default\">Trwa\u0142o\u015b\u0107 i bezpiecze\u0144stwo<\/h3>\t\t\t\t<\/div>\n\t\t<div class=\"elementor-element elementor-element-81abdf1 e-con-full e-flex e-con e-child\" data-id=\"81abdf1\" data-element_type=\"container\" data-e-type=\"container\">\n\t\t\t\t<div class=\"elementor-element elementor-element-55b87ea elementor-widget elementor-widget-text-editor\" data-id=\"55b87ea\" data-element_type=\"widget\" data-e-type=\"widget\" data-widget_type=\"text-editor.default\">\n\t\t\t\t\t\t\t\t\t<p data-start=\"1189\" data-end=\"1513\">W \u015brodowiskach o du\u017cym nat\u0119\u017ceniu ruchu, gdzie wyst\u0119puje ryzyko uszkodzenia urz\u0105dze\u0144 monitoruj\u0105cych, standardowe pu\u0142apki cz\u0119sto ulegaj\u0105 zniszczeniu. Dlatego w ofercie EXEPEST znajduj\u0105 si\u0119 r\u00f3wnie\u017c <strong data-start=\"1384\" data-end=\"1403\">os\u0142ony pancerne<\/strong> i metalowe zabezpieczenia chroni\u0105ce chwytacze przed zgnieceniem, przesuni\u0119ciem lub przypadkowym uszkodzeniem.<\/p><p data-start=\"1515\" data-end=\"1623\">To rozwi\u0105zania stworzone do pracy w warunkach przemys\u0142owych \u2013 tam, gdzie liczy si\u0119 odporno\u015b\u0107 i niezawodno\u015b\u0107.<\/p>\t\t\t\t\t\t\t\t<\/div>\n\t\t\t\t<div class=\"elementor-element elementor-element-39015db elementor-widget elementor-widget-image\" data-id=\"39015db\" data-element_type=\"widget\" data-e-type=\"widget\" data-widget_type=\"image.default\">\n\t\t\t\t\t\t\t\t\t\t\t\t\t\t\t<img decoding=\"async\" width=\"1024\" height=\"683\" src=\"https:\/\/exepest.pl\/wp-content\/uploads\/2026\/02\/task_01kjaft768ed4b3q2yc81vahc1_1772026177_img_0-1024x683.webp\" class=\"attachment-large size-large wp-image-238\" alt=\"\" srcset=\"https:\/\/exepest.pl\/wp-content\/uploads\/2026\/02\/task_01kjaft768ed4b3q2yc81vahc1_1772026177_img_0-1024x683.webp 1024w, https:\/\/exepest.pl\/wp-content\/uploads\/2026\/02\/task_01kjaft768ed4b3q2yc81vahc1_1772026177_img_0-300x200.webp 300w, https:\/\/exepest.pl\/wp-content\/uploads\/2026\/02\/task_01kjaft768ed4b3q2yc81vahc1_1772026177_img_0-768x512.webp 768w, https:\/\/exepest.pl\/wp-content\/uploads\/2026\/02\/task_01kjaft768ed4b3q2yc81vahc1_1772026177_img_0-370x247.webp 370w, https:\/\/exepest.pl\/wp-content\/uploads\/2026\/02\/task_01kjaft768ed4b3q2yc81vahc1_1772026177_img_0-1040x693.webp 1040w, https:\/\/exepest.pl\/wp-content\/uploads\/2026\/02\/task_01kjaft768ed4b3q2yc81vahc1_1772026177_img_0.webp 1536w\" sizes=\"(max-width: 1024px) 100vw, 1024px\" \/>\t\t\t\t\t\t\t\t\t\t\t\t\t\t\t<\/div>\n\t\t\t\t<\/div>\n\t\t\t\t<\/div>\n\t\t\t\t\t<\/div>\n\t\t\t\t<\/div>\n\t\t<div class=\"elementor-element elementor-element-2d248f9 e-flex e-con-boxed e-con e-parent\" data-id=\"2d248f9\" data-element_type=\"container\" data-e-type=\"container\" data-settings=\"{&quot;background_background&quot;:&quot;classic&quot;}\">\n\t\t\t\t\t<div class=\"e-con-inner\">\n\t\t<div class=\"elementor-element elementor-element-85a26b2 e-con-full e-flex e-con e-child\" data-id=\"85a26b2\" data-element_type=\"container\" data-e-type=\"container\">\n\t\t<div class=\"elementor-element elementor-element-868590d e-grid e-con-full e-con e-child\" data-id=\"868590d\" data-element_type=\"container\" data-e-type=\"container\">\n\t\t\t\t<div class=\"elementor-element elementor-element-0db47c8 elementor-widget elementor-widget-heading\" data-id=\"0db47c8\" data-element_type=\"widget\" data-e-type=\"widget\" data-widget_type=\"heading.default\">\n\t\t\t\t\t<h2 class=\"elementor-heading-title elementor-size-default\">Dlaczego EXEPEST?<\/h2>\t\t\t\t<\/div>\n\t\t\t\t<div class=\"elementor-element elementor-element-925485b elementor-widget elementor-widget-heading\" data-id=\"925485b\" data-element_type=\"widget\" data-e-type=\"widget\" data-widget_type=\"heading.default\">\n\t\t\t\t\t<h2 class=\"elementor-heading-title elementor-size-default\">Dla kogo s\u0105 nasze rozwi\u0105zania?<\/h2>\t\t\t\t<\/div>\n\t\t\t\t<\/div>\n\t\t<div class=\"elementor-element elementor-element-e6dc25e e-grid e-con-full e-con e-child\" data-id=\"e6dc25e\" data-element_type=\"container\" data-e-type=\"container\">\n\t\t\t\t<div class=\"elementor-element elementor-element-b69d39e elementor-widget elementor-widget-text-editor\" data-id=\"b69d39e\" data-element_type=\"widget\" data-e-type=\"widget\" data-widget_type=\"text-editor.default\">\n\t\t\t\t\t\t\t\t\t<p data-start=\"728\" data-end=\"759\">\u2714 Produkty przeznaczone do profesjonalnych zastosowa\u0144<br data-start=\"1705\" data-end=\"1708\" \/>\u2714 Wysoka trwa\u0142o\u015b\u0107 materia\u0142\u00f3w<br data-start=\"1736\" data-end=\"1739\" \/>\u2714 \u0141atwa kontrola i serwis urz\u0105dze\u0144<br data-start=\"1773\" data-end=\"1776\" \/>\u2714 Rozwi\u0105zania zgodne z wymaganiami kontroli sanitarnej<br data-start=\"1830\" data-end=\"1833\" \/>\u2714 Skuteczno\u015b\u0107 potwierdzona praktyk\u0105<\/p>\t\t\t\t\t\t\t\t<\/div>\n\t\t\t\t<div class=\"elementor-element elementor-element-0c7a6a6 elementor-widget elementor-widget-text-editor\" data-id=\"0c7a6a6\" data-element_type=\"widget\" data-e-type=\"widget\" data-widget_type=\"text-editor.default\">\n\t\t\t\t\t\t\t\t\t<p data-start=\"1912\" data-end=\"1945\">Oferta EXEPEST kierowana jest do:<\/p><ul data-start=\"1947\" data-end=\"2106\"><li data-section-id=\"1wejb30\" data-start=\"1947\" data-end=\"1959\"><p data-start=\"1949\" data-end=\"1959\">firm DDD<\/p><\/li><li data-section-id=\"5zetvk\" data-start=\"1960\" data-end=\"1986\"><p data-start=\"1962\" data-end=\"1986\">zak\u0142ad\u00f3w produkcyjnych<\/p><\/li><li data-section-id=\"143wcpq\" data-start=\"1987\" data-end=\"2024\"><p data-start=\"1989\" data-end=\"2024\">magazyn\u00f3w i centr\u00f3w logistycznych<\/p><\/li><li data-section-id=\"1lsro2f\" data-start=\"2025\" data-end=\"2048\"><p data-start=\"2027\" data-end=\"2048\">obiekt\u00f3w handlowych<\/p><\/li><li data-section-id=\"1cx4xp5\" data-start=\"2049\" data-end=\"2076\"><p data-start=\"2051\" data-end=\"2076\">wsp\u00f3lnot mieszkaniowych<\/p><\/li><li data-section-id=\"1aa0xnf\" data-start=\"2077\" data-end=\"2106\"><p data-start=\"2079\" data-end=\"2106\">firm utrzymania czysto\u015bci<\/p><\/li><\/ul>\t\t\t\t\t\t\t\t<\/div>\n\t\t\t\t<\/div>\n\t\t\t\t<\/div>\n\t\t\t\t\t<\/div>\n\t\t\t\t<\/div>\n\t\t<div class=\"elementor-element elementor-element-680b230 e-flex e-con-boxed e-con e-parent\" data-id=\"680b230\" data-element_type=\"container\" data-e-type=\"container\" data-settings=\"{&quot;background_background&quot;:&quot;classic&quot;}\">\n\t\t\t\t\t<div class=\"e-con-inner\">\n\t\t<div class=\"elementor-element elementor-element-259b2c3 e-con-full e-flex e-con e-child\" data-id=\"259b2c3\" data-element_type=\"container\" data-e-type=\"container\">\n\t\t\t\t<div class=\"elementor-element elementor-element-146e1df elementor-widget elementor-widget-heading\" data-id=\"146e1df\" data-element_type=\"widget\" data-e-type=\"widget\" data-widget_type=\"heading.default\">\n\t\t\t\t\t<h3 class=\"elementor-heading-title elementor-size-default\">Skuteczny monitoring to podstawa kontroli<\/h3>\t\t\t\t<\/div>\n\t\t<div class=\"elementor-element elementor-element-b4588c8 e-con-full e-flex e-con e-child\" data-id=\"b4588c8\" data-element_type=\"container\" data-e-type=\"container\">\n\t\t\t\t<div class=\"elementor-element elementor-element-5e310d7 elementor-widget elementor-widget-text-editor\" data-id=\"5e310d7\" data-element_type=\"widget\" data-e-type=\"widget\" data-widget_type=\"text-editor.default\">\n\t\t\t\t\t\t\t\t\t<p data-start=\"2159\" data-end=\"2347\">Wczesne wykrycie obecno\u015bci szkodnik\u00f3w znacz\u0105co ogranicza koszty p\u00f3\u017aniejszej eliminacji. Produkty EXEPEST wspieraj\u0105 systematyczny monitoring i pozwalaj\u0105 reagowa\u0107 zanim problem si\u0119 rozwinie.<\/p><p data-start=\"2349\" data-end=\"2457\">Zadbaj o bezpiecze\u0144stwo obiektu i stabilno\u015b\u0107 proces\u00f3w produkcyjnych dzi\u0119ki sprawdzonym rozwi\u0105zaniom EXEPEST.<\/p>\t\t\t\t\t\t\t\t<\/div>\n\t\t\t\t<div class=\"elementor-element elementor-element-22d10d0 elementor-widget elementor-widget-image\" data-id=\"22d10d0\" data-element_type=\"widget\" data-e-type=\"widget\" data-widget_type=\"image.default\">\n\t\t\t\t\t\t\t\t\t\t\t\t\t\t\t<img loading=\"lazy\" decoding=\"async\" width=\"1024\" height=\"683\" src=\"https:\/\/exepest.pl\/wp-content\/uploads\/2026\/02\/task_01kjagsjq1e9m8j3tx4xjpjjfy_1772027199_img_0-1024x683.webp\" class=\"attachment-large size-large wp-image-240\" alt=\"\" srcset=\"https:\/\/exepest.pl\/wp-content\/uploads\/2026\/02\/task_01kjagsjq1e9m8j3tx4xjpjjfy_1772027199_img_0-1024x683.webp 1024w, https:\/\/exepest.pl\/wp-content\/uploads\/2026\/02\/task_01kjagsjq1e9m8j3tx4xjpjjfy_1772027199_img_0-300x200.webp 300w, https:\/\/exepest.pl\/wp-content\/uploads\/2026\/02\/task_01kjagsjq1e9m8j3tx4xjpjjfy_1772027199_img_0-768x512.webp 768w, https:\/\/exepest.pl\/wp-content\/uploads\/2026\/02\/task_01kjagsjq1e9m8j3tx4xjpjjfy_1772027199_img_0-370x247.webp 370w, https:\/\/exepest.pl\/wp-content\/uploads\/2026\/02\/task_01kjagsjq1e9m8j3tx4xjpjjfy_1772027199_img_0-1040x693.webp 1040w, https:\/\/exepest.pl\/wp-content\/uploads\/2026\/02\/task_01kjagsjq1e9m8j3tx4xjpjjfy_1772027199_img_0.webp 1536w\" sizes=\"(max-width: 1024px) 100vw, 1024px\" \/>\t\t\t\t\t\t\t\t\t\t\t\t\t\t\t<\/div>\n\t\t\t\t<\/div>\n\t\t\t\t<\/div>\n\t\t\t\t\t<\/div>\n\t\t\t\t<\/div>\n\t\t<div class=\"elementor-element elementor-element-70b937d e-flex e-con-boxed e-con e-parent\" data-id=\"70b937d\" data-element_type=\"container\" data-e-type=\"container\">\n\t\t\t\t\t<div class=\"e-con-inner\">\n\t\t\t\t\t<\/div>\n\t\t\t\t<\/div>\n\t\t\t\t<\/div>\n\t\t","protected":false},"excerpt":{"rendered":"<p>EXEPEST \u2013 Profesjonalne rozwi\u0105zania do monitorowania i kontroli szkodnik\u00f3w EXEPEST[&#8230;]<\/p>\n","protected":false},"author":1,"featured_media":0,"parent":0,"menu_order":0,"comment_status":"closed","ping_status":"closed","template":"","meta":{"_crdt_document":"","_monsterinsights_skip_tracking":false,"_monsterinsights_sitenote_active":false,"_monsterinsights_sitenote_note":"","_monsterinsights_sitenote_category":0,"footnotes":""},"class_list":["post-236","page","type-page","status-publish","hentry"],"_links":{"self":[{"href":"https:\/\/exepest.pl\/index.php\/wp-json\/wp\/v2\/pages\/236","targetHints":{"allow":["GET"]}}],"collection":[{"href":"https:\/\/exepest.pl\/index.php\/wp-json\/wp\/v2\/pages"}],"about":[{"href":"https:\/\/exepest.pl\/index.php\/wp-json\/wp\/v2\/types\/page"}],"author":[{"embeddable":true,"href":"https:\/\/exepest.pl\/index.php\/wp-json\/wp\/v2\/users\/1"}],"replies":[{"embeddable":true,"href":"https:\/\/exepest.pl\/index.php\/wp-json\/wp\/v2\/comments?post=236"}],"version-history":[{"count":17,"href":"https:\/\/exepest.pl\/index.php\/wp-json\/wp\/v2\/pages\/236\/revisions"}],"predecessor-version":[{"id":317,"href":"https:\/\/exepest.pl\/index.php\/wp-json\/wp\/v2\/pages\/236\/revisions\/317"}],"wp:attachment":[{"href":"https:\/\/exepest.pl\/index.php\/wp-json\/wp\/v2\/media?parent=236"}],"curies":[{"name":"wp","href":"https:\/\/api.w.org\/{rel}","templated":true}]}}